[INFO] fetching crate test-dalek-docs 4.0.0-pre.5...
[INFO] checking test-dalek-docs-4.0.0-pre.5 against master#e6e4f7ed1589e03bc2f6c5931c1a72e7947e8682 for beta-170-4
[INFO] extracting crate test-dalek-docs 4.0.0-pre.5 into /workspace/builds/worker-5-tc2/source
[INFO] validating manifest of crates.io crate test-dalek-docs 4.0.0-pre.5 on toolchain e6e4f7ed1589e03bc2f6c5931c1a72e7947e8682
[INFO] running `Command { std: CARGO_HOME="/workspace/cargo-home" RUSTUP_HOME="/workspace/rustup-home" "/workspace/cargo-home/bin/cargo" "+e6e4f7ed1589e03bc2f6c5931c1a72e7947e8682" "metadata" "--manifest-path" "Cargo.toml" "--no-deps", kill_on_drop: false }`
[INFO] started tweaking crates.io crate test-dalek-docs 4.0.0-pre.5
[INFO] finished tweaking crates.io crate test-dalek-docs 4.0.0-pre.5
[INFO] tweaked toml for crates.io crate test-dalek-docs 4.0.0-pre.5 written to /workspace/builds/worker-5-tc2/source/Cargo.toml
[INFO] running `Command { std: CARGO_HOME="/workspace/cargo-home" RUSTUP_HOME="/workspace/rustup-home" __CARGO_TEST_CHANNEL_OVERRIDE_DO_NOT_USE_THIS="nightly" "/workspace/cargo-home/bin/cargo" "+e6e4f7ed1589e03bc2f6c5931c1a72e7947e8682" "generate-lockfile" "--manifest-path" "Cargo.toml" "-Zno-index-update", kill_on_drop: false }`
[INFO] running `Command { std: CARGO_HOME="/workspace/cargo-home" RUSTUP_HOME="/workspace/rustup-home" "/workspace/cargo-home/bin/cargo" "+e6e4f7ed1589e03bc2f6c5931c1a72e7947e8682" "fetch" "--manifest-path" "Cargo.toml", kill_on_drop: false }`
[INFO] running `Command { std: "docker" "create" "-v" "/var/lib/crater-agent-workspace/builds/worker-5-tc2/target:/opt/rustwide/target:rw,Z" "-v" "/var/lib/crater-agent-workspace/builds/worker-5-tc2/source:/opt/rustwide/workdir:ro,Z" "-v" "/var/lib/crater-agent-workspace/cargo-home:/opt/rustwide/cargo-home:ro,Z" "-v" "/var/lib/crater-agent-workspace/rustup-home:/opt/rustwide/rustup-home:ro,Z" "-e" "SOURCE_DIR=/opt/rustwide/workdir" "-e" "CARGO_TARGET_DIR=/opt/rustwide/target" "-e" "CARGO_HOME=/opt/rustwide/cargo-home" "-e" "RUSTUP_HOME=/opt/rustwide/rustup-home" "-w" "/opt/rustwide/workdir" "-m" "1610612736" "--user" "0:0" "--network" "none" "ghcr.io/rust-lang/crates-build-env/linux@sha256:5ff2268d62e97bff2cde7d5815dd6ed5b47097566f13b8d0ca110b04b60e07ed" "/opt/rustwide/cargo-home/bin/cargo" "+e6e4f7ed1589e03bc2f6c5931c1a72e7947e8682" "metadata" "--no-deps" "--format-version=1", kill_on_drop: false }`
[INFO] [stdout] 379fb923e994feaeac1dbcb2d2f72011a27d899f87a98db6d942817a6abdd10b
[INFO] running `Command { std: "docker" "start" "-a" "379fb923e994feaeac1dbcb2d2f72011a27d899f87a98db6d942817a6abdd10b", kill_on_drop: false }`
[INFO] running `Command { std: "docker" "inspect" "379fb923e994feaeac1dbcb2d2f72011a27d899f87a98db6d942817a6abdd10b", kill_on_drop: false }`
[INFO] running `Command { std: "docker" "rm" "-f" "379fb923e994feaeac1dbcb2d2f72011a27d899f87a98db6d942817a6abdd10b", kill_on_drop: false }`
[INFO] [stdout] 379fb923e994feaeac1dbcb2d2f72011a27d899f87a98db6d942817a6abdd10b
[INFO] running `Command { std: "docker" "create" "-v" "/var/lib/crater-agent-workspace/builds/worker-5-tc2/target:/opt/rustwide/target:rw,Z" "-v" "/var/lib/crater-agent-workspace/builds/worker-5-tc2/source:/opt/rustwide/workdir:ro,Z" "-v" "/var/lib/crater-agent-workspace/cargo-home:/opt/rustwide/cargo-home:ro,Z" "-v" "/var/lib/crater-agent-workspace/rustup-home:/opt/rustwide/rustup-home:ro,Z" "-e" "SOURCE_DIR=/opt/rustwide/workdir" "-e" "CARGO_TARGET_DIR=/opt/rustwide/target" "-e" "CARGO_INCREMENTAL=0" "-e" "RUST_BACKTRACE=full" "-e" "RUSTFLAGS=--cap-lints=forbid" "-e" "RUSTDOCFLAGS=--cap-lints=forbid" "-e" "CARGO_HOME=/opt/rustwide/cargo-home" "-e" "RUSTUP_HOME=/opt/rustwide/rustup-home" "-w" "/opt/rustwide/workdir" "-m" "1610612736" "--user" "0:0" "--network" "none" "ghcr.io/rust-lang/crates-build-env/linux@sha256:5ff2268d62e97bff2cde7d5815dd6ed5b47097566f13b8d0ca110b04b60e07ed" "/opt/rustwide/cargo-home/bin/cargo" "+e6e4f7ed1589e03bc2f6c5931c1a72e7947e8682" "check" "--frozen" "--all" "--all-targets" "--message-format=json", kill_on_drop: false }`
[INFO] [stdout] a96c50d714f4b1574f3675b9d8d4e09534fb014e231aff00af4b774ff2131241
[INFO] running `Command { std: "docker" "start" "-a" "a96c50d714f4b1574f3675b9d8d4e09534fb014e231aff00af4b774ff2131241", kill_on_drop: false }`
[INFO] [stderr]    Compiling typenum v1.16.0
[INFO] [stderr]    Compiling serde v1.0.163
[INFO] [stderr]    Compiling indexmap v1.9.3
[INFO] [stderr]    Compiling generic-array v0.14.7
[INFO] [stderr]     Checking ciborium-io v0.2.1
[INFO] [stderr]     Checking zeroize v1.6.0
[INFO] [stderr]     Checking subtle v2.5.0
[INFO] [stderr]     Checking cpufeatures v0.2.7
[INFO] [stderr]     Checking hex v0.4.3
[INFO] [stderr]     Checking ciborium-ll v0.2.1
[INFO] [stderr]     Checking clap v3.2.25
[INFO] [stderr]     Checking crypto-common v0.1.6
[INFO] [stderr]     Checking block-buffer v0.10.4
[INFO] [stderr]     Checking digest v0.10.7
[INFO] [stderr]     Checking sha2 v0.10.6
[INFO] [stderr]     Checking test-dalek-docs v4.0.0-pre.5 (/opt/rustwide/workdir)
[INFO] [stderr]     Checking serde_json v1.0.96
[INFO] [stderr]     Checking ciborium v0.2.1
[INFO] [stderr]     Checking bincode v1.3.3
[INFO] [stderr]     Checking tinytemplate v1.2.1
[INFO] [stderr]     Checking criterion v0.4.0
[INFO] [stdout] error[E0433]: failed to resolve: use of undeclared crate or module `curve25519_dalek`
[INFO] [stdout]   --> benches/dalek_benchmarks.rs:12:5
[INFO] [stdout]    |
[INFO] [stdout] 12 | use curve25519_dalek::scalar::Scalar;
[INFO] [stdout]    |     ^^^^^^^^^^^^^^^^ use of undeclared crate or module `curve25519_dalek`
[INFO] [stdout] 
[INFO] [stdout] 
[INFO] [stdout] error[E0433]: failed to resolve: use of undeclared crate or module `curve25519_dalek`
[INFO] [stdout]   --> benches/dalek_benchmarks.rs:20:9
[INFO] [stdout]    |
[INFO] [stdout] 20 |     use curve25519_dalek::edwards::EdwardsPoint;
[INFO] [stdout]    |         ^^^^^^^^^^^^^^^^ use of undeclared crate or module `curve25519_dalek`
[INFO] [stdout] 
[INFO] [stdout] 
[INFO] [stdout] error[E0433]: failed to resolve: use of undeclared crate or module `curve25519_dalek`
[INFO] [stdout]   --> benches/dalek_benchmarks.rs:77:9
[INFO] [stdout]    |
[INFO] [stdout] 77 |     use curve25519_dalek::edwards::EdwardsPoint;
[INFO] [stdout]    |         ^^^^^^^^^^^^^^^^ use of undeclared crate or module `curve25519_dalek`
[INFO] [stdout] 
[INFO] [stdout] 
[INFO] [stdout] error[E0433]: failed to resolve: use of undeclared crate or module `curve25519_dalek`
[INFO] [stdout]   --> benches/dalek_benchmarks.rs:78:9
[INFO] [stdout]    |
[INFO] [stdout] 78 |     use curve25519_dalek::edwards::VartimeEdwardsPrecomputation;
[INFO] [stdout]    |         ^^^^^^^^^^^^^^^^ use of undeclared crate or module `curve25519_dalek`
[INFO] [stdout] 
[INFO] [stdout] 
[INFO] [stdout] error[E0433]: failed to resolve: use of undeclared crate or module `curve25519_dalek`
[INFO] [stdout]   --> benches/dalek_benchmarks.rs:79:9
[INFO] [stdout]    |
[INFO] [stdout] 79 |     use curve25519_dalek::traits::MultiscalarMul;
[INFO] [stdout]    |         ^^^^^^^^^^^^^^^^ use of undeclared crate or module `curve25519_dalek`
[INFO] [stdout] 
[INFO] [stdout] 
[INFO] [stdout] error[E0433]: failed to resolve: use of undeclared crate or module `curve25519_dalek`
[INFO] [stdout]   --> benches/dalek_benchmarks.rs:80:9
[INFO] [stdout]    |
[INFO] [stdout] 80 |     use curve25519_dalek::traits::VartimeMultiscalarMul;
[INFO] [stdout]    |         ^^^^^^^^^^^^^^^^ use of undeclared crate or module `curve25519_dalek`
[INFO] [stdout] 
[INFO] [stdout] 
[INFO] [stdout] error[E0433]: failed to resolve: use of undeclared crate or module `curve25519_dalek`
[INFO] [stdout]   --> benches/dalek_benchmarks.rs:81:9
[INFO] [stdout]    |
[INFO] [stdout] 81 |     use curve25519_dalek::traits::VartimePrecomputedMultiscalarMul;
[INFO] [stdout]    |         ^^^^^^^^^^^^^^^^ use of undeclared crate or module `curve25519_dalek`
[INFO] [stdout] 
[INFO] [stdout] 
[INFO] [stdout] error[E0433]: failed to resolve: use of undeclared crate or module `curve25519_dalek`
[INFO] [stdout]    --> benches/dalek_benchmarks.rs:246:9
[INFO] [stdout]     |
[INFO] [stdout] 246 |     use curve25519_dalek::ristretto::RistrettoPoint;
[INFO] [stdout]     |         ^^^^^^^^^^^^^^^^ use of undeclared crate or module `curve25519_dalek`
[INFO] [stdout] 
[INFO] [stdout] 
[INFO] [stdout] error[E0432]: unresolved import `curve25519_dalek`
[INFO] [stdout]   --> benches/dalek_benchmarks.rs:11:5
[INFO] [stdout]    |
[INFO] [stdout] 11 | use curve25519_dalek::constants;
[INFO] [stdout]    |     ^^^^^^^^^^^^^^^^ use of undeclared crate or module `curve25519_dalek`
[INFO] [stdout] 
[INFO] [stdout] 
[INFO] [stdout] error: aborting due to 9 previous errors
[INFO] [stdout] 
[INFO] [stdout] 
[INFO] [stdout] Some errors have detailed explanations: E0432, E0433.
[INFO] [stdout] 
[INFO] [stdout] For more information about an error, try `rustc --explain E0432`.
[INFO] [stdout] 
[INFO] [stderr] error: could not compile `test-dalek-docs` (bench "dalek_benchmarks") due to 10 previous errors
[INFO] [stderr] warning: build failed, waiting for other jobs to finish...
[INFO] running `Command { std: "docker" "inspect" "a96c50d714f4b1574f3675b9d8d4e09534fb014e231aff00af4b774ff2131241", kill_on_drop: false }`
[INFO] running `Command { std: "docker" "rm" "-f" "a96c50d714f4b1574f3675b9d8d4e09534fb014e231aff00af4b774ff2131241", kill_on_drop: false }`
[INFO] [stdout] a96c50d714f4b1574f3675b9d8d4e09534fb014e231aff00af4b774ff2131241
